 13.
269b
Convert 2335 (base 12) to base 13.
1a33
Convert 1330100 (base 4) to base 14.
2c80
Convert 7728 (base 11) to base 7.
41502
Convert -421 (base 15) to base 14.
-4a7
33113 (base 6) to base 5
121311
What is 92d (base 14) in base 13?
a8b
What is 16d (base 14) in base 15?
148
Convert 379b (base 12) to base 3.
22122202
What is -8af (base 16) in base 3?
-10001100
-c84 (base 14) to base 15
-ae8
Convert 262 (base 15) to base 13.
329
4115 (base 11) to base 14
1dc1
Convert -10011100000001 (base 2) to base 6.
-114121
What is -81f3 (base 16) in base 15?
-9ccc
Convert -111101110 (base 2) to base 12.
-352
Convert 332 (base 12) to base 6.
2102
Convert 234240 (base 5) to base 10.
8695
What is 70e (base 15) in base 7?
4430
Convert 100010011100 (base 2) to base 3.
10000122
107 (base 13) to base 8
260
Convert 21011012 (base 3) to base 11.
3a12
What is -12423 (base 5) in base 10?
-988
-a02 (base 16) to base 13
-1221
-617 (base 8) to base 3
-112210
-2310 (base 6) to base 12
-396
Convert 2001 (base 5) to base 6.
1055
-156 (base 16) to base 3
-110200
4449 (base 10) to base 4
1011201
Convert -43a (base 12) to base 7.
-1546
Convert 400 (base 5) to base 16.
64
What is 236 (base 11) in base 4?
10121
What is 1011101011101 (base 2) in base 15?
1b8b
11101010001 (base 2) to base 12
1101
-2712 (base 14) to base 15
-2086
Convert 10036 (base 8) to base 14.
170a
What is -1021100 (base 3) in base 10?
-927
Convert -16b (base 13) to base 16.
-102
What is 100002220 (base 3) in base 9?
10086
Convert 4194 (base 15) to base 11.
a464
Convert -20033001 (base 4) to base 3.
-1201021020
Convert 304201 (base 5) to base 16.
26c6
-220020 (base 3) to base 12
-466
-501 (base 11) to base 8
-1136
101000101010 (base 2) to base 6
20014
Convert -122121111 (base 3) to base 8.
-31046
-2001 (base 6) to base 3
-121001
What is -4310 (base 12) in base 8?
-16274
What is 2467 (base 11) in base 10?
3219
What is 126 (base 16) in base 6?
1210
What is -1433 (base 5) in base 7?
-465
What is 2376 (base 11) in base 4?
300210
What is -11123 (base 5) in base 13?
-488
Convert 7214 (base 12) to base 5.
344100
What is -5909 (base 10) in base 4?
-1130111
-3911 (base 12) to base 6
-50021
a5b (base 13) to base 9
2372
Convert 13325 (base 6) to base 12.
1245
Convert 313112 (base 4) to base 10.
3542
Convert 46b (base 15) to base 5.
13001
What is 1200011200 (base 3) in base 10?
32931
136 (base 14) to base 10
244
Convert 4814 (base 10) to base 11.
3687
c763 (base 14) to base 11
23921
-125 (base 10) to base 4
-1331
What is -21331 (base 5) in base 6?
-10442
What is -27483 (base 9) in base 6?
-222120
Convert -346 (base 7) to base 2.
-10110101
Convert -3a01 (base 11) to base 9.
-7122
-388 (base 12) to base 4
-20120
-10102 (base 3) to base 15
-62
What is -67a9 (base 13) in base 7?
-60200
-108 (base 15) to base 10
-233
What is -102220 (base 3) in base 10?
-321
Convert -dc0 (base 14) to base 16.
-a9c
Convert -35 (base 7) to base 15.
-1b
What is -5a14 (base 12) in base 3?
-111211221
What is -6534 (base 12) in base 2?
-10101101111000
Convert -5394 (base 11) to base 7.
-26522
What is -2500 (base 12) in base 16?
-1050
What is 28029 (base 10) in base 14?
a301
Convert 40587 (base 10) to base 12.
1b5a3
What is -3010232 (base 4) in base 5?
-400330
Convert -472 (base 10) to base 16.
-1d8
Convert -23b (base 16) to base 6.
-2351
1a277 (base 13) to base 16
c717
Convert -244 (base 15) to base 4.
-20002
What is 2130032 (base 4) in base 7?
41102
Convert -40768 (base 10) to base 15.
-c12d
-33754 (base 10) to base 15
-a004
Convert -3130 (base 8) to base 16.
-658
Convert -21003211 (base 4) to base 16.
-90e5
Convert -112012221 (base 3) to base 8.
-24176
Convert -42524 (base 6) to base 13.
-2851
What is -22120002 (base 4) in base 11?
-29a25
-33650 (base 8) to base 5
-423443
1568 (base 11) to base 15
8e0
2405 (base 9) to base 5
24122
2430 (base 5) to base 4
11231
Convert 1020112221 (base 3) to base 2.
101111110001100
Convert -17580 (base 9) to base 13.
-56ac
-72fb (base 16) to base 10
-29435
What is 3140141 (base 5) in base 3?
2200002011
Convert 35b (base 12) to base 10.
503
Convert 11b9 (base 12) to base 9.
2676
What is 1111011 (base 2) in base 9?
146
Convert 5202 (base 6) to base 11.
95a
Convert -22221110 (base 3) to base 6.
-50103
What is -527 (base 13) in base 12?
-612
Convert -222211 (base 3) to base 9.
-884
bc17 (base 14) to base 10
32557
Convert 4154 (base 8) to base 4.
201230
Convert -26443 (base 8) to base 14.
-42d5
11001001111 (base 2) to base 7
4465
What is 1e3 (base 15) in base 14?
234
What is -8105 (base 11) in base 7?
-43261
34777 (base 8) to base 6
152423
-9659 (base 10) to base 4
-2112323
Convert -1232310 (base 5) to base 7.
-130130
Convert 22000021 (base 3) to base 11.
4429
What is -58ee (base 15) in base 13?
-87aa
6412 (base 9) to base 16
1265
What is 86b (base 13) in base 8?
2641
What is -5d7 (base 16) in base 15?
-69a
Convert -3303 (base 11) to base 9.
-5873
Convert -112a (base 14) to base 7.
-11453
What is 6244 (base 9) in base 8?
10740
What is -1112202 (base 3) in base 16?
-467
Convert -343 (base 12) to base 4.
-13203
What is -4b (base 13) in base 4?
-333
What is 4b9 (base 15) in base 8?
2062
What is -590a (base 16) in base 12?
-11236
What is 405 (base 10) in base 13?
252
Convert 15a54 (base 11) to base 7.
122534
2654 (base 12) to base 11
3326
What is 11010022 (base 3) in base 8?
5675
Convert -432 (base 8) to base 16.
-11a
Convert 15c7 (base 15) to base 4.
1021033
Convert -54b7 (base 15) to base 7.
-103216
What is 101111110010 (base 2) in base 15?
d8d
Convert 2af (base 16) to base 15.
30c
1171 (base 8) to base 3
212110
Convert -2333 (base 7) to base 15.
-3c2
Convert -2d9 (base 16) to base 3.
-1000000
Convert 1232 (base 14) to base 9.
4323
2604 (base 12) to base 9
5834
-61 (base 11) to base 8
-103
Convert 23000122 (base 4) to base 16.
b01a
Convert 8187 (base 9) to base 5.
142432
-34b (base 15) to base 8
-1352
-1000001101011 (base 2) to base 3
-12202200
What is -17247 (base 9) in base 13?
-5530
What is 12121110 (base 3) in base 14?
16c1
What is 101000100111 (base 2) in base 11?
1a53
Convert 125052 (base 7) to base 13.
a830
-455 (base 7) to base 12
-178
Convert 1200 (base 7) to base 4.
12321
What is -49 (base 12) in base 7?
-111
42a3 (base 11) to base 7
22362
1b4a (base 13) to base 2
1000000010110
Convert -1106 (base 9) to base 6.
-3440
255 (base 6) to base 3
10222
What is 4758 (base 15) in base 6?
154102
What is 1914d (base 14) in base 9?
105838
What is 101011010111 (base 2) in base 9?
3723
160 (base 13) to base 14
139
-14c (base 13) to base 5
-1413
Convert -4883 (base 10) to base 7.
-20144
What is -9271 (base 16) in base 12?
-19841
Convert 809 (base 14) to base 5.
22302
Convert -23022 (base 4) to base 5.
-10324
-1424332 (base 5) to base 16
-750f
What is 134455 (base 6) in base 11?
9602
-1220122 (base 3) to base 9
-1818
4ca6 (base 13) to base 16
2ac8
What is 2997 (base 12) in base 16?
1303
What is 1a817 (base 11) in base 7?
150236
9a3b (base 13) to base 5
1142023
-20054 (base 7) to base 3
-20122022
Convert -264 (base 11) to base 13.
-1b0
What is -20332 (base 5) in base 6?
-10114
What is -3b1 (base 16) in base 4?
-32301
14402 (base 6) to base 14
baa
-3645 (base 16) to base 13
-6429
What is 207 (base 9) in base 15?
b4
Convert -177 (base 10) to base 4.
-2301
-10041 (base 6) to base 13
-7a8
125 (base 12) to base 2
10101101
-2056 (base 12) to base 4
-313002
What is -30011 (base 4) in base 11?
-643
What is 1010101101000 (base 2) in base 15?
1955
What is -1ba5 (base 12) in base 5?
-102222
What is -1230 (base 7) in base 8?
-716
-53210 (base 6) to base 8
-16046
-210122102 (base 3) to base 7
-64001
-40724 (base 9) to base 10
-26833
What is 4644 (base 15) in base 9?
22411
Convert 112 (base 14) to base 3.
21212
What is -110001 (base 3) in base 7?
-643
What is -396a (base 15) in base 16?
-2fda
105265 (base 7) to base 2
100100011101011
What is -967 (base 10) in base 16?
-3c7
Convert 1727 (base 14) to base 16.
1037
Convert -1225 (base 6) to base 12.
-215
4835 (base 9) to base 7
13325
-113c (base 16) to base 2
-1000100111100
Convert 101111011100101 (base 2) to base 7.
130553
Convert 132142 (base 5) to base 9.
7235
What is 11001010 (base 2) in base 9?
244
What is -32013 (base 5) in base 11?
-166a
-1205 (base 6) to base 10
-293
What is 665 